igit of 11571?
1
What is the hundreds digit of 6959?
9
What is the units digit of 4433?
3
What is the thousands digit of 10769?
0
What is the thousands digit of 3045?
3
What is the ten thousands digit of 10452?
1
What is the hundreds digit of 1827?
8
What is the thousands digit of 99871?
9
What is the units digit of 29550?
0
What is the hundreds digit of 3454?
4
What is the units digit of 24420?
0
What is the hundreds digit of 188014?
0
What is the tens digit of 631?
3
What is the units digit of 14649?
9
What is the units digit of 32297?
7
What is the tens digit of 7839?
3
What is the ten thousands digit of 10323?
1
What is the tens digit of 31686?
8
What is the hundreds digit of 6893?
8
What is the ten thousands digit of 54477?
5
What is the units digit of 10114?
4
What is the thousands digit of 59729?
9
What is the ten thousands digit of 41093?
4
What is the ten thousands digit of 44799?
4
What is the tens digit of 5924?
2
What is the units digit of 1285?
5
What is the hundreds digit of 131?
1
What is the units digit of 9023?
3
What is the units digit of 767?
7
What is the units digit of 17361?
1
What is the ten thousands digit of 37440?
3
What is the tens digit of 5170?
7
What is the hundreds digit of 12264?
2
What is the tens digit of 1237?
3
What is the thousands digit of 22963?
2
What is the hundreds digit of 32889?
8
What is the tens digit of 4130?
3
What is the tens digit of 7791?
9
What is the hundreds digit of 1250?
2
What is the tens digit of 2907?
0
What is the units digit of 1477?
7
What is the tens digit of 160?
6
What is the thousands digit of 8910?
8
What is the tens digit of 6345?
4
What is the units digit of 7009?
9
What is the hundreds digit of 24183?
1
What is the thousands digit of 7706?
7
What is the hundreds digit of 29779?
7
What is the tens digit of 28454?
5
What is the units digit of 32571?
1
What is the tens digit of 3364?
6
What is the units digit of 14248?
8
What is the ten thousands digit of 104038?
0
What is the hundreds digit of 31355?
3
What is the hundreds digit of 6758?
7
What is the units digit of 1467?
7
What is the units digit of 1022?
2
What is the hundreds digit of 940?
9
What is the units digit of 177?
7
What is the hundreds digit of 4151?
1
What is the thousands digit of 5314?
5
What is the ten thousands digit of 29131?
2
What is the tens digit of 646?
4
What is the tens digit of 53475?
7
What is the tens digit of 20097?
9
What is the hundreds digit of 8970?
9
What is the ten thousands digit of 13602?
1
What is the thousands digit of 9365?
9
What is the hundreds digit of 142?
1
What is the thousands digit of 16262?
6
What is the tens digit of 23363?
6
What is the hundreds digit of 7402?
4
What is the units digit of 188?
8
What is the hundreds digit of 62411?
4
What is the ten thousands digit of 46372?
4
What is the tens digit of 97?
9
What is the thousands digit of 20963?
0
What is the tens digit of 3826?
2
What is the thousands digit of 45443?
5
What is the tens digit of 33445?
4
What is the thousands digit of 9695?
9
What is the hundreds digit of 652?
6
What is the ten thousands digit of 120530?
2
What is the hundreds digit of 3550?
5
What is the thousands digit of 3860?
3
What is the ten thousands digit of 75101?
7
What is the units digit of 24513?
3
What is the units digit of 3772?
2
What is the thousands digit of 4792?
4
What is the units digit of 2054?
4
What is the tens digit of 7643?
4
What is the tens digit of 9857?
5
What is the thousands digit of 5367?
5
What is the tens digit of 71712?
1
What is the hundreds digit of 4509?
5
What is the hundreds digit of 5894?
8
What is the units digit of 2738?
8
What is the thousands digit of 1865?
1
What is the ten thousands digit of 17715?
1
What is the units digit of 2080?
0
What is the units digit of 77366?
6
What is the ten thousands digit of 28638?
2
What is the thousands digit of 99439?
9
What is the tens digit of 43105?
0
What is the ten thousands digit of 30672?
3
What is the units digit of 11801?
1
What is the hundreds digit of 1988?
9
What is the hundreds digit of 151465?
4
What is the units digit of 605?
5
What is the thousands digit of 9383?
9
What is the ten thousands digit of 47443?
4
What is the thousands digit of 26391?
6
What is the units digit of 79456?
6
What is the thousands digit of 1142?
1
What is the hundreds digit of 6080?
0
What is the hundreds digit of 9166?
1
What is the hundreds digit of 23679?
6
What is the hundreds digit of 201?
2
What is the units digit of 21455?
5
What is the thousands digit of 13713?
3
What is the tens digit of 8466?
6
What is the units digit of 7637?
7
What is the tens digit of 1643?
4
What is the hundreds digit of 27964?
9
What is the thousands digit of 1043?
1
What is the units digit of 1412?
2
What is the tens digit of 3513?
1
What is the hundreds digit of 2416?
4
What is the hundreds digit of 296?
2
What is the hundreds digit of 253?
2
What is the hundreds digit of 612?
6
What is the hundreds digit of 25486?
4
What is the ten thousands digit of 14937?
1
What is the units digit of 988?
8
What is the tens digit of 55161?
6
What is the units digit of 59209?
9
What is the tens digit of 9949?
4
What is the ten thousands digit of 69557?
6
What is the thousands digit of 36759?
6
What is the units digit of 3659?
9
What is the units digit of 901?
1
What is the tens digit of 26255?
5
What is the tens digit of 4144?
4
What is the tens digit of 102928?
2
What is the tens digit of 410?
1
What is the thousands digit of 16854?
6
What is the thousands digit of 42451?
2
What is the units digit of 2994?
4
What is the units digit of 43851?
1
What is the units digit of 1023?
3
What is the units digit of 8224?
4
What is the tens digit of 223?
2
What is the hundreds digit of 712?
7
What is the tens digit of 20640?
4
What is the tens digit of 14?
1
What is the tens digit of 1268?
6
What is the hundreds digit of 654?
6
What is the tens digit of 19142?
4
What is the hundreds digit of 864?
8
What is the hundreds digit of 62011?
0
What is the thousands digit of 17474?
7
What is the thousands digit of 6967?
6
What is the hundreds digit of 32984?
9
What is the units digit of 27383?
3
What is the tens digit of 34314?
1
What is the ten thousands digit of 48759?
4
What is the thousands digit of 60895?
0
What is the units digit of 4307?
7
What is the tens digit of 106409?
0
What is the units digit of 38639?
9
What is the units digit of 6749?
9
What is the units digit of 639?
9
What is the units digit of 504?
4
What is the thousands digit of 15398?
5
What is the tens digit of 613?
1
What is the units digit of 3048?
8
What is the tens digit of 6496?
9
What is the hundreds digit of 101?
1
What is the tens digit of 1589?
8
What is the units digit of 1502?
2
What is the units digit of 5306?
6
What is the thousands digit of 1280?
1
What is the thousands digit of 3572?
3
What is the units digit of 1662?
2
What is the hundreds digit of 13106?
1
What is the tens digit of 9275?
7
What is the tens digit of 1848?
4
What is the units digit of 1156?
6
What is the tens digit of 186?
8
What is the tens digit of 4027?
2
What is the units digit of 4910?
0
What is the thousands digit of 101236?
1
What is the hundreds digit of 1136?
1
What is the thousands digit of 3691?
3
What is the tens digit of 16477?
7
What is the hundreds digit of 98272?
2
What is the tens digit of 1148?
4
What is the tens digit of 2698?
9
What is the hundreds digit of 1047?
0
What is the tens digit of 1153?
5
What is the units digit of 860?
0
What is the tens digit of 33865?
6
What is the tens digit of 1326?
2
What is the units digit of 30631?
1
What is the tens digit of 315?
1
What is the hundreds digit of 9562?
5
What is the hundreds digit of 1314?
3
What is the units digit of 734?
4
What is the units digit of 6921?
1
What is the tens digit of 84?
8
What is the units digit of 194?
4
What is the units digit of 959?
9
What is the units digit of 399?
9
What is the hundreds digit of 123813?
8
What is the hundreds digit of 3243?
2
What is the units digit of 508?
8
What is the hundreds digit of 2711?
7
What is the thousands digit of 6806?
6
What is the hundreds digit of 232?
2
What is the thousands digit of 26961?
6
What is the units digit of 1117?
7
What is the ten thousands di